0 - (0 - 34)
33
What is the value of 58 + -50 + (-14 + 8 - (3 + 19))?
-20
What is the value of 8 - ((1 - 1) + 15 - (3393 - 3383))?
3
What is the value of (-11 + 6 - -12) + (-66 - ((14 - 12) + -6))?
-55
What is -1 + -27 + -2664 + 2650?
-42
Evaluate -57 + (-1 - 10 - (7 + -19 + 10)).
-66
Calculate 20 + -21 + 3 + -7 - -11.
6
What is the value of 50 - (40 - 47 - 2 - (-27 - 1))?
31
Evaluate 106 + -100 + (-3 - (-1 - 3)) - (-158 + 46).
119
27 + (-49 - -146) - 11
113
What is -10 - (2 + 4 + -13 + -11 + 2 + 3)?
3
Evaluate 11 + 2 - (69 + (-42 - 28)).
14
Evaluate 169 + -155 - (-5 - (0 + -22)) - (-2 - 39).
38
Evaluate 107 + (-79 - 17) + (-2 - -31).
40
What is (-28 - -19 - (-4 - -3)) + (14 - 54)?
-48
What is the value of (20 - 9 - (-20 - -4)) + 14?
41
What is 41 + 11 + (0 - 12) + -23 + 18 + 0?
35
What is the value of -2 + -36 + -7 + -4 + -34 + 50 - -3?
-30
What is -18 + (6 - 14) - (22 + -49)?
1
-29 - (-18 - (9 + -13 + -2))
-17
What is the value of -7 + -75 - (-759 - -673)?
4
What is the value of (3 + (21 - (4 - -26)) - 10) + 0 + -8?
-24
What is the value of -34 + 64 + -48 - (29 + -5)?
-42
What is -52 - (16 - (-4 - 0) - (-216 + 235))?
-53
Evaluate (-3 - -27) + (15 - (-13 + 24)).
28
What is the value of 5 + -42 + 64 - (54 + -8)?
-19
What is (-75 - -35) + -38 + 59?
-19
(65 + -35 - -4) + -88 - (3 - (1 + -1))
-57
What is the value of 117 - (-105 + -20 - -147)?
95
What is -129 + 2 - (0 + -13 + (451 - 423))?
-142
Evaluate 61 - (15 + -45 + 39 - (1 - 0 - -1)).
54
What is (-13 - 16 - -21) + -10 + -36?
-54
Evaluate (-6 - (1 - -2)) + -9 + 0 + (11 - -10).
3
-2 + 0 - 67 - (0 + -31 - (326 - 370))
-82
What is the value of 64 - ((25 - 155) + 118)?
76
Evaluate (-1 - 1 - -3) + (18 - (21 + 35) - 44).
-81
Calculate 12 - ((16 - 0) + -46 - 0).
42
What is the value of 300 + -250 + 3 + -39?
14
Calculate -45 - -11 - (46 + -124).
44
What is 46 - (-15 + -34 + 146)?
-51
Calculate -3 + 0 - (9 + 6 + -13 - -5).
-10
What is (-51 - (-40 - -25)) + 50?
14
What is the value of 19 + -2 - (17 + 50 - 26)?
-24
What is the value of (-17 + 5 + -5 - -84) + -9 + 17?
75
What is -143 + 45 - (-86 - 7)?
-5
Calculate 7 - (-5 + 3 - 20 - (441 - 458)).
12
37 + -13 + (-31 - (-5 + 62))
-64
-13 + 82 + -4 + (-14 - -26) + -17
60
Evaluate 10 - (7 + (-6 - (-5 - 10))).
-6
(-6 - -3) + -1 - (-54 - (38 - 72))
16
What is 18 - (148 + 160 + -293)?
3
What is the value of (5 - 83) + 15 + -8 + 10 - 5?
-66
Evaluate -8 + 5 + -23 + 7 + 5 + 7 - 24.
-31
What is the value of 6 - 60 - -76 - 78?
-56
What is the value of (-134 - -57) + 30 - (-12 + -2)?
-33
What is the value of (-23 - (-26 - -23)) + 16 + -52?
-56
Evaluate (37 - 4) + (75 - 65).
43
Calculate (68 - 20 - 22) + -22 - -23.
27
Evaluate (5 - 4) + 1 + -129 + 71.
-56
17 - 1 - (3 - -14)
-1
Evaluate 37 - (-25 - -30 - -28).
4
-4 - -50 - (42 - 25)
29
Evaluate -13 + -623 + 602 + -1 + 22.
-13
What is -188 + (75 - -30) + -4?
-87
0 - ((4 - (-1 - -3 - 8)) + 0) - 5
-15
Evaluate (1 - -22) + (35 - 62) + 38.
34
-5 + (-14 - (2 + 14 + -24)) + -1 + -85
-97
-15 - 0 - (-191 - -314 - 171)
33
What is the value of 48 - (39 + 19 + 0)?
-10
What is (1 - 11) + (-10 - -17) + (17 - 84)?
-70
-4 + 0 + (-39 - 4) + (-330 - -230)
-147
47 - (-6 - 33 - -44)
42
Evaluate (7 - -3) + (-35 - (8 - (-57 - -36))).
-54
What is the value of -61 - 1 - (553 - 567)?
-48
Evaluate 161 + (-12 - -24 - 62).
111
Calculate 30 - (1 - 19 - (1802 + -1945)).
-95
Evaluate 36 + (-14 - (-27 + 2) - 8).
39
What is the value of (74 + -145 - -93) + (7 - 0) + -1?
28
Calculate 86 + -51 - (77 + -44).
2
(29 - (15 + -6)) + -57 + 12
-25
Calculate 2 - (-6 + 4 + 0) - (-49 - (1 + -2)).
52
What is 14 + (-7 - (-2 + (-4 - -2))) + 76 + -12?
75
What is (54 - 77) + 24 - (22 - -3)?
-24
0 + -13 - -2 - (10 + (-16 + 5 - -7))
-17
Calculate 1 + -12 - (-52 - ((12 - 17) + 10) - -8).
38
What is the value of -12 + -3 + (-15 - -25 - (1 + 2))?
-8
Calculate (-87 + 54 - (-2 + -9)) + (-59 - -32).
-49
What is the value of 28 + -15 + -63 + (-8 - -18)?
-40
What is -25 - ((-61 - -30) + 17) - (0 + 13)?
-24
What is the value of 132 + (-54 - (27 - 24)) + 24?
99
Evaluate (-7 - (-1 + 2)) + (108 - (117 - 52)).
35
Calculate 20 + -4 + -2 - (-148 + 27 + 247).
-112
What is the value of 24 + (12 - 36) + (0 - -10) + -42?
-32
Evaluate -71 + (124 + -106 - -48).
-5
What is the value of (0 + 1 - -13 - (284 + -285)) + -26?
-11
What is the value of -24 - ((3 + -16 - 0) + 16)?
-27
What is the value of 35 - (-28 - (22 - 5)) - 42?
38
Evaluate -1 + (-6 - (-61 - -25)) + -4.
25
47 + 9 + -34 + (38 - 21)
39
What is -6 + -84 - (59 - (-35 - -73))?
-111
Evaluate (3 + -1 - 2) + (53 - 118) - (-13 - -10).
-62
Evaluate 10 + (31 - 42) + (2 + -39 - 0).
-38
Calculate -107 + 8 + -37 + -19 + 63.
-92
What is 46 + -2 + (3 - -2 - (-5 + -14 - -14))?
54
What is the value of (-18 + 14 - -8) + -15 - -52?
41
Evaluate -50 - -31 - ((0 - 9) + -80).
70
What is the value of 47 + (1 + -13 - (3 - 2)) + (38 - 26)?
46
Calculate -24 + (11 - 25) + 24 + 0 - (-2 + -135).
123
What is 6 - (-2 + 13 + 6 + -29)?
18
What is the value of -38 + (30 - (-90 - (28 + -75)))?
35
(-107 + 94 - 11) + -26
-50
Evaluate 0 - -14 - 0 - (201 + 391 + -585).
7
What is the value of 20 - -8 - -8 - 16?
20
Calculate 30 + (-465 + 475 - (-2 + 1 + 8)).
33
What is the value of (-2 - -5 - -69) + -36 + 124 + -74?
86
Evaluate 42 - ((48 - 45) + (11 - 3)).
31
What is the value of 5 - (4 - (-11 - -8 - (-2 - -41 - 2)))?
-39
Calculate 69 + (-39 - -49) + -9.
70
106 + (81 - 157) - 30
0
What is the value of -15 + 29 + (-15 - -3) + (12 - -1)?
15
Calculate 1 + (13 - 44) + 41 + 13 + 0.
24
What is the value of -88 + (203 - 98) + 57?
74
16 + -14 + -19 + 68 - -77
128
Evaluate -2 - 9 - (-60 + (14 - (3 + 5)) - 4).
47
Evaluate 23 - (19 - (-10 + 11 + 9 + 4)).
18
What is -65 - -53 - -149 - 257?
-120
What is the value of 2 - (1 - 19) - (-13425 - -13399)?
46
What is the value of (-1180 - -1153) + (1 - -51) - 48?
-23
Evaluate 29 + (-127 - (13 + -69)).
-42
What is the value of 166 + -149 + (3 - (3 + 6))?
11
Calculate (179 - 22 - -18) + -40 - 13.
122
What is the value of 24 + 0 + -25 + -35 + 43 - (-2 - -71)?
-62
Evaluate 23 - (-11 + (0 - 0) - (-6 - (-60 - -59))).
29
Calculate -24 + 29 + -7 + -3 + 9 + 53.
57
What is 207 + (-115 - (-17 - 9))?
118
Calculate -5 + -44 - (69 + -150 + 60).
-28
What is the value of (-22 + -6 + 22 - -65) + -15?
44
Calculate 25 - (-3 + 13 - (-138 - -138)).
15
What is 74 + (23 + -25 - 62)?
10
What is the value of 7 + -8 + (33 + (-46 - -15) - (1 + -4))?
4
Evaluate (-14 - (-67 + 31)) + -58.
-36
What is -1854 + 1774 + (8 - -4)?
-68
Evaluate (-19 - (-4 - 26)) + -22 + 2 + 8.
-1
What is the value of (51 - 17 - 20 - 15 - (-1 + 55)) + 10?
-45
(3 - (-12 - 34)) + (-53 - -38)
34
Evaluate -45 + 121 - (-11 - -12).
75
What is the value of 3 + -1 - (-16 - (-5 + 16))?
29
What is the value of 21 + (-6 - (85 + -135))?
65
-1175 + 1225 + 4 + 7
61
What is 0 - 15 - (1 + -16)?
0
What is the value of -1 + 62 + -39 - 17?
5
-1 - (8 - -8 - 27 - 17)
27
Evaluate (42 - -27 - -12) + (-6 - -1).
76
Calculate -20 - (-21 - (-25 + (15 + -36 - 14))).
-59
Evaluate -24 - (0 + -119) - (8 - (13 + -17)).
83
Calculate 75 - 54 - 67 - -27.
-19
Calculate (-16 - 80 - -49) + (-2 + 5 - 0).
-44
Calculate (114 + -63 - 69) + 58.
40
(-10 - -19) + (15 - 15) + -6 - -13
16
What is the value of -3 - ((-6 - 4) + -1 - (3 + -2) - -7)?
2
Calculate -41 + 1 + 115 + -29.
46
Evaluate (-2 - (33 - 13)) + (-1 - (-6 + 11)).
-28
What is the value of 5 + (-60 - -32 - (-1 + 3))?
-25
-69 - -61 - (-21 - -73)
-60
Evaluate (57 - (-100 - -47)) + -73.
37
Calculate 20 + -29 + (-6 - ((4 - 3) + -62)).
46
Calculate -22453 + 22435 - (-1 + (-43 - 1)).
27
What is the value of 75 + -46 + -66 + 24?
-13
Calculate -21 + (-57 + 87 - -43).
52
What is the value of -29 + 13 + 14 + -6 + -12?
-20
Evaluate (-12 - -27) + 19 - (13 - (-3 - -3)).
21
What is 17 + (24 + -21 - 58) - -149?
111
Evaluate -27 - ((4 - -13) + 1 + -5 - -3).
-43
What is the value of (161 - 157) + -3 + -4 + (1 + -4 - -73)?
67
Calculate -18 - ((1 - -2) + 13) - -13.
-21
-4 + (-17 - -42) - (0 + 4)
17
Calculate 7 + -71 - (109 - (192 - 89)).
-70
Calculate -18 + (16 - (-21 + 2)) - 9.
8
Calculate -3 + (-5 - -47 - 24) + 1 + -12 + -40.
-36
Calculate -10 + -28 + (-46 - -54).
-30
8 - (-146 - -129 - (-7 - (0 + -4)))
22
Calculate -190 - -199 - (57 + -4).
-44
What is -18 + 13 + (-3 - -8 - (12 + 6 + 5))?
-